 by 4349.
4336
Calculate the remainder when 25898 is divided by 3181.
450
What is the remainder when 14333643 is divided by 2956?
2955
What is the remainder when 22423413 is divided by 177?
168
What is the remainder when 421385 is divided by 330?
305
What is the remainder when 1459193 is divided by 486394?
11
What is the remainder when 2945868 is divided by 69?
51
Calculate the remainder when 2209320 is divided by 54.
18
Calculate the remainder when 2242510 is divided by 448499.
15
Calculate the remainder when 504253 is divided by 20989.
517
What is the remainder when 3949434 is divided by 3949431?
3
Calculate the remainder when 6686532 is divided by 134.
66
Calculate the remainder when 18715567 is divided by 1731.
1726
Calculate the remainder when 13870849 is divided by 307.
282
What is the remainder when 1881023 is divided by 194?
193
What is the remainder when 3307556 is divided by 168?
140
Calculate the remainder when 654662 is divided by 2072.
1982
What is the remainder when 10112997 is divided by 8?
5
What is the remainder when 4498373 is divided by 47855?
3
Calculate the remainder when 7660343 is divided by 107.
106
Calculate the remainder when 1281210 is divided by 38821.
117
Calculate the remainder when 543327 is divided by 595.
92
What is the remainder when 21632 is divided by 2074?
892
What is the remainder when 83378 is divided by 5914?
582
Calculate the remainder when 3360469256 is divided by 997.
996
What is the remainder when 33443 is divided by 4498?
1957
Calculate the remainder when 924015 is divided by 574.
449
Calculate the remainder when 3185546 is divided by 450.
446
Calculate the remainder when 32840 is divided by 1548.
332
Calculate the remainder when 121724 is divided by 106.
36
What is the remainder when 24867 is divided by 542?
477
Calculate the remainder when 872049 is divided by 563.
525
What is the remainder when 199467 is divided by 66173?
948
What is the remainder when 61125 is divided by 30253?
619
What is the remainder when 90584987 is divided by 540?
527
Calculate the remainder when 377712270 is divided by 2082.
2076
Calculate the remainder when 45197822 is divided by 9.
2
What is the remainder when 1632927 is divided by 2390?
557
What is the remainder when 88220802 is divided by 44110401?
0
What is the remainder when 7449057 is divided by 2956?
2893
Calculate the remainder when 492748 is divided by 61583.
84
Calculate the remainder when 4518176 is divided by 1517.
550
What is the remainder when 2124243 is divided by 2682?
99
Calculate the remainder when 117941137 is divided by 1666.
1665
Calculate the remainder when 11098 is divided by 2751.
94
Calculate the remainder when 205602 is divided by 18689.
23
What is the remainder when 430601447 is divided by 654?
653
Calculate the remainder when 3461751 is divided by 311.
10
Calculate the remainder when 4297 is divided by 1419.
40
What is the remainder when 2178089 is divided by 1369?
10
What is the remainder when 975902 is divided by 5030?
82
What is the remainder when 291145 is divided by 106?
69
Calculate the remainder when 301959 is divided by 1482.
1113
What is the remainder when 2910955 is divided by 130?
125
What is the remainder when 51201 is divided by 5105?
151
Calculate the remainder when 38774432 is divided by 201950.
32
What is the remainder when 57998 is divided by 6291?
1379
Calculate the remainder when 34090 is divided by 2137.
2035
What is the remainder when 1955295 is divided by 492?
87
Calculate the remainder when 9066453 is divided by 2564.
149
What is the remainder when 18513 is divided by 662?
639
What is the remainder when 11957 is divided by 46?
43
What is the remainder when 11586478 is divided by 3862126?
100
Calculate the remainder when 5712582 is divided by 18.
12
What is the remainder when 1831356 is divided by 1059?
345
What is the remainder when 221279384 is divided by 2635?
2624
Calculate the remainder when 1219985 is divided by 121979.
195
What is the remainder when 244032 is divided by 843?
405
Calculate the remainder when 7346636 is divided by 3672907.
822
Calculate the remainder when 2874901 is divided by 27.
22
Calculate the remainder when 17923 is divided by 2417.
1004
What is the remainder when 1589407 is divided by 52977?
97
Calculate the remainder when 12846105 is divided by 58927.
19
What is the remainder when 1073912220 is divided by 8624?
8620
What is the remainder when 35556 is divided by 8700?
756
What is the remainder when 1184678 is divided by 107?
81
Calculate the remainder when 959058 is divided by 10775.
83
Calculate the remainder when 520965 is divided by 429.
159
What is the remainder when 55361 is divided by 6914?
49
What is the remainder when 329085 is divided by 3937?
2314
What is the remainder when 650501 is divided by 1034?
115
What is the remainder when 1534028 is divided by 485?
458
Calculate the remainder when 148346 is divided by 3161.
2940
Calculate the remainder when 379280 is divided by 2374.
1814
What is the remainder when 330757 is divided by 161487?
7783
Calculate the remainder when 125340838 is divided by 10524.
10522
Calculate the remainder when 81859510 is divided by 57.
43
What is the remainder when 11591 is divided by 148?
47
Calculate the remainder when 15740905 is divided by 1989.
1948
Calculate the remainder when 59842 is divided by 7122.
2866
What is the remainder when 52472474 is divided by 825?
824
Calculate the remainder when 9866637 is divided by 822219.
9
Calculate the remainder when 27045494 is divided by 149.
57
What is the remainder when 10530083 is divided by 3410?
3
Calculate the remainder when 39122807 is divided by 1096.
1087
What is the remainder when 10118414 is divided by 602?
600
Calculate the remainder when 299135 is divided by 1209.
512
Calculate the remainder when 260065253 is divided by 630.
623
What is the remainder when 5759451 is divided by 52839?
0
What is the remainder when 3913149 is divided by 18904?
21
What is the remainder when 8039048 is divided by 114?
110
Calculate the remainder when 95270356 is divided by 545.
541
What is the remainder when 17258087 is divided by 500?
87
Calculate the remainder when 1419427 is divided by 1704.
1699
What is the remainder when 1239583 is divided by 529?
136
Calculate the remainder when 77385 is divided by 25774.
63
Calculate the remainder when 54085083 is divided by 7726439.
10
What is the remainder when 17858138 is divided by 39?
38
What is the remainder when 7684883 is divided by 21?
17
What is the remainder when 22470628 is divided by 5399?
5389
Calculate the remainder when 56641 is divided by 4720.
1
Calculate the remainder when 873794 is divided by 409.
170
Calculate the remainder when 11379260 is divided by 862.
860
What is the remainder when 546095 is divided by 172?
167
Calculate the remainder when 41446608 is divided by 1594100.
8
Calculate the remainder when 174267 is divided by 59.
40
What is the remainder when 1318857 is divided by 7993?
12
Calculate the remainder when 72424611 is divided by 36212278.
55
Calculate the remainder when 36028 is divided by 7167.
193
What is the remainder when 44698391 is divided by 108?
107
Calculate the remainder when 2360322 is divided by 786747.
81
Calculate the remainder when 15610371 is divided by 147.
0
What is the remainder when 87083 is divided by 42?
17
Calculate the remainder when 460681 is divided by 168.
25
Calculate the remainder when 2095564 is divided by 496.
460
Calculate the remainder when 225935 is divided by 112947.
41
What is the remainder when 8308950 is divided by 6367?
15
What is the remainder when 5415324 is divided by 1903?
1289
Calculate the remainder when 370715 is divided by 3004.
1223
Calculate the remainder when 666264 is divided by 705.
39
What is the remainder when 1484951 is divided by 260?
91
Calculate the remainder when 1003261 is divided by 8.
5
What is the remainder when 296197077 is divided by 2391?
2388
What is the remainder when 20174041 is divided by 310369?
56
What is the remainder when 6946934 is divided by 385?
379
Calculate the remainder when 8625350 is divided by 29.
25
What is the remainder when 95409 is divided by 1606?
655
Calculate the remainder when 14104338 is divided by 7052159.
20
Calculate the remainder when 137038281 is divi